{"id":8,"date":"2018-04-09T08:33:33","date_gmt":"2018-04-09T06:33:33","guid":{"rendered":"http:\/\/jura-alpin.de\/?page_id=8"},"modified":"2019-01-09T17:02:36","modified_gmt":"2019-01-09T16:02:36","slug":"ausstattung","status":"publish","type":"page","link":"https:\/\/www.jura-alpin.de\/?page_id=8","title":{"rendered":"Ausstattung"},"content":{"rendered":"<p>Das Erlebniscenter jura alpin bietet sowohl Schulklassen und Vereinen als auch Privatpersonen mit insgesamt 70 Betten in 24 Zimmern Platz.<\/p>\n<p>Sie haben auch die M\u00f6glichkeit, in unserem Outdoordorf in isolierten Outdoorh\u00e4uschen zu schlafen. In insgesamt 8 H\u00e4uschen kommen bei einer Belegung zwischen 2 bis 4 Personen weitere 25 Personen unter. Jedes H\u00e4uschen verf\u00fcgt \u00fcber einen Stromanschlu\u00df. Die Sanit\u00e4ranlagen befinden sich im Innenbereich des Erlebniscenters &#8211; S\u00fcdfl\u00fcgel.<\/p>\n<p>Vor dem Haus ist ein gro\u00dfer Freisitz mit Grillanlage.<\/p>\n<p>Die Mitglieder unseres bestens ausgebildeten Teams sind kompetente Partner bei jeder Veranstaltung und f\u00fcr jeden Spa\u00df zu haben.<\/p>\n<h5><strong>G\u00e4stezimmer:&nbsp;&nbsp;&nbsp; Bad:&nbsp;&nbsp;&nbsp;&nbsp;&nbsp;&nbsp;&nbsp;&nbsp;&nbsp;&nbsp;&nbsp;&nbsp;&nbsp;&nbsp;&nbsp;&nbsp;&nbsp;&nbsp;&nbsp;&nbsp;&nbsp;&nbsp; Stube:<\/strong><\/h5>\n<p><a href=\"https:\/\/www.jura-alpin.de\/wp-content\/uploads\/2018\/04\/fr\u00e4nkische_schweiz_erlebniscenter_klettern_amberg_sulzbach_hersbruck_n\u00fcrnberg_wandern_urlaub_familie_ferienhaus_\u00fcbernachtung4.jpg\" target=\"_blank\" rel=\"noopener\"><img loading=\"lazy\" decoding=\"async\" class=\"alignnone wp-image-109 size-thumbnail\" src=\"https:\/\/www.jura-alpin.de\/wp-content\/uploads\/2018\/04\/fr\u00e4nkische_schweiz_erlebniscenter_klettern_amberg_sulzbach_hersbruck_n\u00fcrnberg_wandern_urlaub_familie_ferienhaus_\u00fcbernachtung4-150x150.jpg\" alt=\"\" width=\"150\" height=\"150\" srcset=\"https:\/\/www.jura-alpin.de\/wp-content\/uploads\/2018\/04\/fr\u00e4nkische_schweiz_erlebniscenter_klettern_amberg_sulzbach_hersbruck_n\u00fcrnberg_wandern_urlaub_familie_ferienhaus_\u00fcbernachtung4-150x150.jpg 150w, https:\/\/www.jura-alpin.de\/wp-content\/uploads\/2018\/04\/fr\u00e4nkische_schweiz_erlebniscenter_klettern_amberg_sulzbach_hersbruck_n\u00fcrnberg_wandern_urlaub_familie_ferienhaus_\u00fcbernachtung4-100x100.jpg 100w\" sizes=\"auto, (max-width: 150px) 100vw, 150px\" \/><img loading=\"lazy\" decoding=\"async\" class=\"alignnone wp-image-90 size-thumbnail\" src=\"https:\/\/www.jura-alpin.de\/wp-content\/uploads\/2018\/04\/Zimmer-Bad-150x150.jpg\" alt=\"Erlabniscenter jura alpin - G\u00e4stebad\" width=\"150\" height=\"150\" srcset=\"https:\/\/www.jura-alpin.de\/wp-content\/uploads\/2018\/04\/Zimmer-Bad-150x150.jpg 150w, https:\/\/www.jura-alpin.de\/wp-content\/uploads\/2018\/04\/Zimmer-Bad-100x100.jpg 100w\" sizes=\"auto, (max-width: 150px) 100vw, 150px\" \/><\/a> <a href=\"https:\/\/www.jura-alpin.de\/wp-content\/uploads\/2018\/04\/Stube.jpg\" target=\"_blank\" rel=\"noopener\"><img loading=\"lazy\" decoding=\"async\" class=\"alignnone wp-image-88 size-thumbnail\" src=\"https:\/\/www.jura-alpin.de\/wp-content\/uploads\/2018\/04\/Stube-150x150.jpg\" alt=\"Erlabniscenter jura alpin - Stube\" width=\"150\" height=\"150\" srcset=\"https:\/\/www.jura-alpin.de\/wp-content\/uploads\/2018\/04\/Stube-150x150.jpg 150w, https:\/\/www.jura-alpin.de\/wp-content\/uploads\/2018\/04\/Stube-100x100.jpg 100w\" sizes=\"auto, (max-width: 150px) 100vw, 150px\" \/><\/a><\/p>\n<h5><strong>Aufenthalt:&nbsp;&nbsp;&nbsp;&nbsp;&nbsp;&nbsp;&nbsp; Aufenthalt:&nbsp;&nbsp;&nbsp;&nbsp;&nbsp;&nbsp;&nbsp; G\u00e4stewand:<\/strong><\/h5>\n<p><a href=\"https:\/\/www.jura-alpin.de\/wp-content\/uploads\/2018\/04\/fr\u00e4nkische_schweiz_erlebniscenter_klettern_amberg_sulzbach_hersbruck_n\u00fcrnberg_wandern_urlaub_familie_ferienhaus_\u00fcbernachtung2.jpg\" target=\"_blank\" rel=\"noopener\"><img loading=\"lazy\" decoding=\"async\" class=\"alignnone wp-image-107 size-thumbnail\" src=\"https:\/\/www.jura-alpin.de\/wp-content\/uploads\/2018\/04\/fr\u00e4nkische_schweiz_erlebniscenter_klettern_amberg_sulzbach_hersbruck_n\u00fcrnberg_wandern_urlaub_familie_ferienhaus_\u00fcbernachtung2-150x150.jpg\" alt=\"\" width=\"150\" height=\"150\" srcset=\"https:\/\/www.jura-alpin.de\/wp-content\/uploads\/2018\/04\/fr\u00e4nkische_schweiz_erlebniscenter_klettern_amberg_sulzbach_hersbruck_n\u00fcrnberg_wandern_urlaub_familie_ferienhaus_\u00fcbernachtung2-150x150.jpg 150w, https:\/\/www.jura-alpin.de\/wp-content\/uploads\/2018\/04\/fr\u00e4nkische_schweiz_erlebniscenter_klettern_amberg_sulzbach_hersbruck_n\u00fcrnberg_wandern_urlaub_familie_ferienhaus_\u00fcbernachtung2-100x100.jpg 100w\" sizes=\"auto, (max-width: 150px) 100vw, 150px\" \/><\/a>&nbsp;<a href=\"https:\/\/www.jura-alpin.de\/wp-content\/uploads\/2018\/04\/fr\u00e4nkische_schweiz_erlebniscenter_klettern_amberg_sulzbach_hersbruck_n\u00fcrnberg_wandern_urlaub_familie_ferienhaus_\u00fcbernachtung3.jpg\" target=\"_blank\" rel=\"noopener\"><img loading=\"lazy\" decoding=\"async\" class=\"alignnone wp-image-108 size-thumbnail\" src=\"https:\/\/www.jura-alpin.de\/wp-content\/uploads\/2018\/04\/fr\u00e4nkische_schweiz_erlebniscenter_klettern_amberg_sulzbach_hersbruck_n\u00fcrnberg_wandern_urlaub_familie_ferienhaus_\u00fcbernachtung3-150x150.jpg\" alt=\"\" width=\"150\" height=\"150\" srcset=\"https:\/\/www.jura-alpin.de\/wp-content\/uploads\/2018\/04\/fr\u00e4nkische_schweiz_erlebniscenter_klettern_amberg_sulzbach_hersbruck_n\u00fcrnberg_wandern_urlaub_familie_ferienhaus_\u00fcbernachtung3-150x150.jpg 150w, https:\/\/www.jura-alpin.de\/wp-content\/uploads\/2018\/04\/fr\u00e4nkische_schweiz_erlebniscenter_klettern_amberg_sulzbach_hersbruck_n\u00fcrnberg_wandern_urlaub_familie_ferienhaus_\u00fcbernachtung3-100x100.jpg 100w\" sizes=\"auto, (max-width: 150px) 100vw, 150px\" \/><\/a> <a href=\"https:\/\/www.jura-alpin.de\/wp-content\/uploads\/2018\/04\/GasteWand.jpg\" target=\"_blank\" rel=\"noopener\"><img loading=\"lazy\" decoding=\"async\" class=\"alignnone wp-image-87 size-thumbnail\" src=\"https:\/\/www.jura-alpin.de\/wp-content\/uploads\/2018\/04\/GasteWand-150x150.jpg\" alt=\"Erlabniscenter jura alpin - Erinnerungen\" width=\"150\" height=\"150\" srcset=\"https:\/\/www.jura-alpin.de\/wp-content\/uploads\/2018\/04\/GasteWand-150x150.jpg 150w, https:\/\/www.jura-alpin.de\/wp-content\/uploads\/2018\/04\/GasteWand-100x100.jpg 100w\" sizes=\"auto, (max-width: 150px) 100vw, 150px\" \/><\/a><\/p>\n<p><strong>Sonstige Ausstattung:<\/strong><\/p>\n<ul>\n<li>kostenloses WLAN<\/li>\n<li>Sauna<\/li>\n<li>Grillplatz<\/li>\n<li>gro\u00dfe Terasse<\/li>\n<li>2 Konferenzr\u00e4ume mit Beamer<\/li>\n<li>Spieleraum mit Tischtennis und Kicker<\/li>\n<\/ul>\n","protected":false},"excerpt":{"rendered":"<p>Das Erlebniscenter jura alpin bietet sowohl Schulklassen und Vereinen als auch Privatpersonen mit insgesamt 70 Betten in 24 Zimmern Platz. Sie haben auch die M\u00f6glichkeit, in unserem Outdoordorf in isolierten Outdoorh\u00e4uschen zu schlafen. In insgesamt 8 H\u00e4uschen kommen bei einer Belegung zwischen 2 bis 4 Personen weitere 25 Personen unter. Jedes H\u00e4uschen verf\u00fcgt \u00fcber einen &hellip; <\/p>\n<p class=\"link-more\"><a href=\"https:\/\/www.jura-alpin.de\/?page_id=8\" class=\"more-link\"><span class=\"screen-reader-text\">\u201eAusstattung\u201c <\/span>weiterlesen<\/a><\/p>\n","protected":false},"author":1,"featured_media":106,"parent":0,"menu_order":0,"comment_status":"closed","ping_status":"open","template":"","meta":{"footnotes":""},"class_list":["post-8","page","type-page","status-publish","has-post-thumbnail","hentry"],"_links":{"self":[{"href":"https:\/\/www.jura-alpin.de\/index.php?rest_route=\/wp\/v2\/pages\/8","targetHints":{"allow":["GET"]}}],"collection":[{"href":"https:\/\/www.jura-alpin.de\/index.php?rest_route=\/wp\/v2\/pages"}],"about":[{"href":"https:\/\/www.jura-alpin.de\/index.php?rest_route=\/wp\/v2\/types\/page"}],"author":[{"embeddable":true,"href":"https:\/\/www.jura-alpin.de\/index.php?rest_route=\/wp\/v2\/users\/1"}],"replies":[{"embeddable":true,"href":"https:\/\/www.jura-alpin.de\/index.php?rest_route=%2Fwp%2Fv2%2Fcomments&post=8"}],"version-history":[{"count":4,"href":"https:\/\/www.jura-alpin.de\/index.php?rest_route=\/wp\/v2\/pages\/8\/revisions"}],"predecessor-version":[{"id":162,"href":"https:\/\/www.jura-alpin.de\/index.php?rest_route=\/wp\/v2\/pages\/8\/revisions\/162"}],"wp:featuredmedia":[{"embeddable":true,"href":"https:\/\/www.jura-alpin.de\/index.php?rest_route=\/wp\/v2\/media\/106"}],"wp:attachment":[{"href":"https:\/\/www.jura-alpin.de\/index.php?rest_route=%2Fwp%2Fv2%2Fmedia&parent=8"}],"curies":[{"name":"wp","href":"https:\/\/api.w.org\/{rel}","templated":true}]}}